{"id":425,"date":"2017-08-16T22:21:56","date_gmt":"2017-08-16T20:21:56","guid":{"rendered":"http:\/\/maennerchor-dirlewang.de\/?page_id=425"},"modified":"2017-08-16T23:32:15","modified_gmt":"2017-08-16T21:32:15","slug":"singen-ist-gesund","status":"publish","type":"page","link":"https:\/\/maennerchor-dirlewang.de\/?page_id=425","title":{"rendered":"Singen ist gesund!"},"content":{"rendered":"<p>Wussten Sie schon, dass Singen&#8230;<\/p>\n<ul>\n<li>das Immunsystem st\u00e4rkt<\/li>\n<li>die Atmung verbessert<\/li>\n<li>die R\u00fcckenmuskulatur kr\u00e4ftigt<\/li>\n<li>das Herz-Kreislauf-System anregt<\/li>\n<li>die Stimmung hebt, Stress abbaut und die Gefahr von Depressionen senkt<\/li>\n<li>die Lebenserwartung steigert<\/li>\n<li>im Chor Gef\u00fchle der Zugeh\u00f6rigkeit und Wertsch\u00e4tzung erzeugt<\/li>\n<li>im Chor das Selbstwertgef\u00fchl und soziale Kompetenzen\u00a0f\u00f6rdert<\/li>\n<\/ul>\n<p>Interessanten Lesestoff zum Thema gibt es bei den <a href=\"https:\/\/maennerchor-dirlewang.de\/?page_id=39\" target=\"_blank\" rel=\"noopener\">Links<\/a><\/p>\n","protected":false},"excerpt":{"rendered":"<p>Wussten Sie schon, dass Singen&#8230; das Immunsystem st\u00e4rkt die Atmung verbessert die R\u00fcckenmuskulatur kr\u00e4ftigt das Herz-Kreislauf-System anregt die Stimmung hebt, Stress abbaut und die Gefahr von Depressionen senkt die Lebenserwartung steigert im Chor Gef\u00fchle der Zugeh\u00f6rigkeit und Wertsch\u00e4tzung erzeugt im Chor das Selbstwertgef\u00fchl und soziale Kompetenzen\u00a0f\u00f6rdert Interessanten Lesestoff zum Thema gibt es bei den Links<\/p>\n","protected":false},"author":2,"featured_media":0,"parent":0,"menu_order":0,"comment_status":"closed","ping_status":"closed","template":"","meta":{"footnotes":""},"class_list":["post-425","page","type-page","status-publish","hentry"],"_links":{"self":[{"href":"https:\/\/maennerchor-dirlewang.de\/index.php?rest_route=\/wp\/v2\/pages\/425","targetHints":{"allow":["GET"]}}],"collection":[{"href":"https:\/\/maennerchor-dirlewang.de\/index.php?rest_route=\/wp\/v2\/pages"}],"about":[{"href":"https:\/\/maennerchor-dirlewang.de\/index.php?rest_route=\/wp\/v2\/types\/page"}],"author":[{"embeddable":true,"href":"https:\/\/maennerchor-dirlewang.de\/index.php?rest_route=\/wp\/v2\/users\/2"}],"replies":[{"embeddable":true,"href":"https:\/\/maennerchor-dirlewang.de\/index.php?rest_route=%2Fwp%2Fv2%2Fcomments&post=425"}],"version-history":[{"count":4,"href":"https:\/\/maennerchor-dirlewang.de\/index.php?rest_route=\/wp\/v2\/pages\/425\/revisions"}],"predecessor-version":[{"id":433,"href":"https:\/\/maennerchor-dirlewang.de\/index.php?rest_route=\/wp\/v2\/pages\/425\/revisions\/433"}],"wp:attachment":[{"href":"https:\/\/maennerchor-dirlewang.de\/index.php?rest_route=%2Fwp%2Fv2%2Fmedia&parent=425"}],"curies":[{"name":"wp","href":"https:\/\/api.w.org\/{rel}","templated":true}]}}